{"id":10461,"date":"2025-12-24T16:50:21","date_gmt":"2025-12-24T15:50:21","guid":{"rendered":"https:\/\/rubystintengewisper.de\/?page_id=10461"},"modified":"2026-05-09T22:39:54","modified_gmt":"2026-05-09T21:39:54","slug":"2026-challenge-leseschal","status":"publish","type":"page","link":"https:\/\/rubystintengewisper.de\/?page_id=10461","title":{"rendered":"2026 &#8211; Challenge &#8211; Leseschal"},"content":{"rendered":"\n<p class=\"has-text-align-center\"><strong>Ich bin dabei!<\/strong><br><a href=\"https:\/\/der-duft-von-buechern-und-kaffee.blogspot.com\/\" data-type=\"link\" data-id=\"https:\/\/der-duft-von-buechern-und-kaffee.blogspot.com\/\">Tanja &#8211; Der Duft von B\u00fcchern und Kaffee<\/a><br><a href=\"https:\/\/rubystintengewisper.de\/\" data-type=\"link\" data-id=\"https:\/\/rubystintengewisper.de\/\">Ruby &#8211; Rubys Tintengewisper<\/a><br><a href=\"https:\/\/nichtohnehaekelnadeln.blogspot.com\/2025\/12\/lese-hakel-challenge-fur-das-jahr-2026.html\" data-type=\"link\" data-id=\"https:\/\/nichtohnehaekelnadeln.blogspot.com\/2025\/12\/lese-hakel-challenge-fur-das-jahr-2026.html\">Anja und Rina (Nicht ohne H\u00e4kelnadel)<\/a><br><a href=\"https:\/\/meinbuecherzimmer.blogspot.com\/2026\/01\/lesen-meets-schal.html\" data-type=\"link\" data-id=\"https:\/\/meinbuecherzimmer.blogspot.com\/2026\/01\/lesen-meets-schal.html\">Anja (Mein kleines B\u00fccherzimmer)<\/a><br><a href=\"https:\/\/booktype.de\/2026\/02\/21\/leseschal-challenge-2026\/\" data-type=\"link\" data-id=\"https:\/\/booktype.de\/2026\/02\/21\/leseschal-challenge-2026\/\">Mina \/Book Type)<\/a><\/p>\n\n\n\n<p class=\"has-text-align-center\" style=\"font-size:25px\"><strong>Worum geht es bei der H\u00e4kelchallenge?<\/strong><br><\/p>\n\n\n\n<p class=\"has-text-align-center\">Gemeinsam wollen <a href=\"https:\/\/der-duft-von-buechern-und-kaffee.blogspot.com\/\" data-type=\"link\" data-id=\"https:\/\/der-duft-von-buechern-und-kaffee.blogspot.com\/\">Tanja <\/a>und ich unsere Lesefortschritte auf eine etwas andere Art dokumentieren. Obwohl wir zwei unterschiedliche Varianten f\u00fcr unseren Schal gew\u00e4hlt haben, bleibt das Grundkonzept dasselbe:<br>\u00dcber das Jahr hinweg h\u00e4keln wir unseren pers\u00f6nlichen Leseschal. Je nach Genre verwenden wir unterschiedliche Farben, und je nachdem, wie viele Seiten unser aktuelles Buch umfasst, w\u00e4chst der Schal um die entsprechende Anzahl Reihen in der passenden Farbe.<br><strong>Unsere H\u00e4kelfortschritte werden wir in unseren Monatsr\u00fcckblicken auf den Blogs festhalten.<\/strong><\/p>\n\n\n\n<h3 class=\"wp-block-heading alignwide has-text-align-center\" style=\"font-size:25px\">Lust mitzumachen?<br><\/h3>\n\n\n\n<p class=\"has-text-align-center\">Wenn dir die Idee gef\u00e4llt, freuen wir uns, wenn du dabei bist!<br>Erstelle gerne eine Seite auf deinem Blog oder verrate uns, wo wir deine H\u00e4kelergebnisse verfolgen k\u00f6nnen. Hinterlasse uns dazu einfach einen Link in den Kommentaren.<br><strong>Nat\u00fcrlich kannst du die Challenge ganz nach deinen eigenen Vorstellungen abwandeln.<\/strong><\/p>\n\n\n\n<p class=\"has-text-align-center\" style=\"font-size:25px\"><strong><em>Mein Fortschritt<\/em><\/strong><\/p>\n\n\n\n<p class=\"has-text-align-center\" style=\"font-size:25px\"><strong>Januar<\/strong><\/p>\n\n\n\n<p class=\"has-text-align-center\">Mein Januar war sehr erfolgreich und sehhhr Urban-Fantasy-lastig \ud83d\ude0b\ud83d\ude0b Ein St\u00fcck ist schon geschafft. M\u00f6ge er bis zum Jahresende noch flei\u00dfig weiter wachsen!<\/p>\n\n\n<div class=\"wp-block-image\">\n<figure class=\"aligncenter size-full is-resized\"><img loading=\"lazy\" decoding=\"async\" width=\"867\" height=\"591\" src=\"https:\/\/rubystintengewisper.de\/wp-content\/uploads\/2026\/02\/Schal-Januar-.png\" alt=\"\" class=\"wp-image-10754\" style=\"width:568px;height:auto\" srcset=\"https:\/\/rubystintengewisper.de\/wp-content\/uploads\/2026\/02\/Schal-Januar-.png 867w, https:\/\/rubystintengewisper.de\/wp-content\/uploads\/2026\/02\/Schal-Januar--300x204.png 300w, https:\/\/rubystintengewisper.de\/wp-content\/uploads\/2026\/02\/Schal-Januar--768x524.png 768w\" sizes=\"auto, (max-width: 867px) 100vw, 867px\" \/><\/figure>\n<\/div>\n\n\n<p class=\"has-text-align-center\" style=\"font-size:25px\"><strong>Februar<\/strong><\/p>\n\n\n\n<p class=\"has-text-align-center\">Der Februar war ziemlich erfolgreich und so musste ich etwas aufarbeiten ^^. Au\u00dferdem ist das erste Mal die 45 dabei. Sticht ziemlich raus, was? \ud83d\ude09<\/p>\n\n\n<div class=\"wp-block-image\">\n<figure class=\"aligncenter size-full\"><img loading=\"lazy\" decoding=\"async\" width=\"368\" height=\"457\" src=\"https:\/\/rubystintengewisper.de\/wp-content\/uploads\/2026\/03\/Screenshot-2026-03-16-at-16-47-34-184-Discord-lucifers-wings-text-Lucifers-Wings-Notizen.png\" alt=\"\" class=\"wp-image-10898\" srcset=\"https:\/\/rubystintengewisper.de\/wp-content\/uploads\/2026\/03\/Screenshot-2026-03-16-at-16-47-34-184-Discord-lucifers-wings-text-Lucifers-Wings-Notizen.png 368w, https:\/\/rubystintengewisper.de\/wp-content\/uploads\/2026\/03\/Screenshot-2026-03-16-at-16-47-34-184-Discord-lucifers-wings-text-Lucifers-Wings-Notizen-242x300.png 242w\" sizes=\"auto, (max-width: 368px) 100vw, 368px\" \/><\/figure>\n<\/div>\n\n\n<p class=\"has-text-align-center\" style=\"font-size:25px\"><strong>M\u00e4rz<\/strong><\/p>\n\n\n<div class=\"wp-block-image\">\n<figure class=\"aligncenter size-full is-resized\"><img loading=\"lazy\" decoding=\"async\" width=\"368\" height=\"820\" src=\"https:\/\/rubystintengewisper.de\/wp-content\/uploads\/2026\/05\/Screenshot-2026-05-09-at-23-37-57-274-Discord-lucifers-wings-text-Lucifers-Wings-Notizen.png\" alt=\"\" class=\"wp-image-11082\" style=\"width:285px;height:auto\" srcset=\"https:\/\/rubystintengewisper.de\/wp-content\/uploads\/2026\/05\/Screenshot-2026-05-09-at-23-37-57-274-Discord-lucifers-wings-text-Lucifers-Wings-Notizen.png 368w, https:\/\/rubystintengewisper.de\/wp-content\/uploads\/2026\/05\/Screenshot-2026-05-09-at-23-37-57-274-Discord-lucifers-wings-text-Lucifers-Wings-Notizen-135x300.png 135w\" sizes=\"auto, (max-width: 368px) 100vw, 368px\" \/><\/figure>\n<\/div>\n\n\n<p>Der M\u00e4rz brachte einige Mangas auf die Liste und so haben wir mal eine richtig sch\u00f6ne helle Stelle \u2665<\/p>\n\n\n\n<p class=\"has-text-align-center\" style=\"font-size:25px\"><strong>April<\/strong><\/p>\n\n\n\n<p><\/p>\n\n\n\n<p><\/p>\n\n\n\n<p class=\"has-text-align-center\"><strong><em>Meine Genre &#8211; Farbwahl -&gt; konnte sich mal wieder nicht entscheiden<\/em><\/strong><\/p>\n\n\n<div class=\"wp-block-image\">\n<figure class=\"aligncenter size-full\"><img loading=\"lazy\" decoding=\"async\" width=\"700\" height=\"700\" src=\"https:\/\/rubystintengewisper.de\/wp-content\/uploads\/2025\/11\/Screenshot-2025-11-30-at-12-15-10-Rainbow-Cotton-8_8-Color-Pack-\u2013-Hobbii.png\" alt=\"\" class=\"wp-image-10290\" srcset=\"https:\/\/rubystintengewisper.de\/wp-content\/uploads\/2025\/11\/Screenshot-2025-11-30-at-12-15-10-Rainbow-Cotton-8_8-Color-Pack-\u2013-Hobbii.png 700w, https:\/\/rubystintengewisper.de\/wp-content\/uploads\/2025\/11\/Screenshot-2025-11-30-at-12-15-10-Rainbow-Cotton-8_8-Color-Pack-\u2013-Hobbii-300x300.png 300w, https:\/\/rubystintengewisper.de\/wp-content\/uploads\/2025\/11\/Screenshot-2025-11-30-at-12-15-10-Rainbow-Cotton-8_8-Color-Pack-\u2013-Hobbii-150x150.png 150w\" sizes=\"auto, (max-width: 700px) 100vw, 700px\" \/><\/figure>\n<\/div>\n\n<div class=\"wp-block-image\">\n<figure class=\"aligncenter size-full is-resized\"><img loading=\"lazy\" decoding=\"async\" width=\"700\" height=\"150\" src=\"https:\/\/rubystintengewisper.de\/wp-content\/uploads\/2025\/01\/Eure-Ruby-tinte-test.png\" alt=\"\" class=\"wp-image-8497\" style=\"width:523px;height:auto\" srcset=\"https:\/\/rubystintengewisper.de\/wp-content\/uploads\/2025\/01\/Eure-Ruby-tinte-test.png 700w, https:\/\/rubystintengewisper.de\/wp-content\/uploads\/2025\/01\/Eure-Ruby-tinte-test-300x64.png 300w\" sizes=\"auto, (max-width: 700px) 100vw, 700px\" \/><\/figure>\n<\/div>","protected":false},"excerpt":{"rendered":"<p>Ich bin dabei!Tanja &#8211; Der Duft von B\u00fcchern und KaffeeRuby &#8211; Rubys TintengewisperAnja und Rina (Nicht ohne H\u00e4kelnadel)Anja (Mein kleines B\u00fccherzimmer)Mina \/Book Type) Worum geht es bei der H\u00e4kelchallenge? Gemeinsam wollen Tanja und ich unsere Lesefortschritte auf eine etwas andere&#8230;<\/p>\n","protected":false},"author":1,"featured_media":10288,"parent":0,"menu_order":0,"comment_status":"closed","ping_status":"closed","template":"","meta":{"footnotes":"","_links_to":"","_links_to_target":""},"class_list":["post-10461","page","type-page","status-publish","has-post-thumbnail","hentry"],"jetpack_likes_enabled":true,"jetpack-related-posts":[],"jetpack_sharing_enabled":true,"_links":{"self":[{"href":"https:\/\/rubystintengewisper.de\/index.php?rest_route=\/wp\/v2\/pages\/10461","targetHints":{"allow":["GET"]}}],"collection":[{"href":"https:\/\/rubystintengewisper.de\/index.php?rest_route=\/wp\/v2\/pages"}],"about":[{"href":"https:\/\/rubystintengewisper.de\/index.php?rest_route=\/wp\/v2\/types\/page"}],"author":[{"embeddable":true,"href":"https:\/\/rubystintengewisper.de\/index.php?rest_route=\/wp\/v2\/users\/1"}],"replies":[{"embeddable":true,"href":"https:\/\/rubystintengewisper.de\/index.php?rest_route=%2Fwp%2Fv2%2Fcomments&post=10461"}],"version-history":[{"count":9,"href":"https:\/\/rubystintengewisper.de\/index.php?rest_route=\/wp\/v2\/pages\/10461\/revisions"}],"predecessor-version":[{"id":11084,"href":"https:\/\/rubystintengewisper.de\/index.php?rest_route=\/wp\/v2\/pages\/10461\/revisions\/11084"}],"wp:featuredmedia":[{"embeddable":true,"href":"https:\/\/rubystintengewisper.de\/index.php?rest_route=\/wp\/v2\/media\/10288"}],"wp:attachment":[{"href":"https:\/\/rubystintengewisper.de\/index.php?rest_route=%2Fwp%2Fv2%2Fmedia&parent=10461"}],"curies":[{"name":"wp","href":"https:\/\/api.w.org\/{rel}","templated":true}]}}